2*m - 47*m + 9*m**2. Let a(x) = -5*c(x) + 3*d(x). Give a(-4).
15
Let v(i) = 7*i**2 + 14*i + 13. Suppose 4*c + 2*d = c + 25, 5*c + 4*d - 43 = 0. Let f(w) = -10*w**2 - 21*w - 19. Let s(l) = c*v(l) + 5*f(l). What is s(-5)?
6
Let k = -116 - -119. Let j(y) be the first derivative of -y + 4 + 1/4*y**4 + 2*y**3 + k*y**2. Determine j(-5).
-6
Suppose -2*a - 5*r = 35, -4*a + 15 = -2*a - 5*r. Let k(z) = z**3 + 4*z**2 + 2. What is k(a)?
-23
Let d(g) = -g**2 - g + 1. Let p(y) = -6*y**2 + 7*y - 15. Let m(n) = 5*d(n) - p(n). What is m(10)?
0
Let r(n) = n**3 - n**2 + n + 2. Let f(j) = j**2 + j - 18. Let x be f(-5). Give r(x).
8
Let m(o) be the first derivative of o**7/840 - o**6/120 - o**5/24 - o**4/8 + 13*o**3/3 - 13. Let i(l) be the third derivative of m(l). Give i(4).
-7
Let z(d) = -11*d + 7. Suppose -1506*a + 1503*a - 9 = 0. Calculate z(a).
40
Let d(b) = 12*b - 14. Let t(x) = 3*x - 4. Let w(h) = 2*d(h) - 9*t(h). What is w(5)?
-7
Let y(k) be the first derivative of k**3/3 - 7*k**2/2 + 5*k + 1. Let q be (1/4)/(1/12 - 0). Let l(j) = -j**2 + 7*j - 5. Let m be l(q). What is y(m)?
5
Let r(x) = -x**3 + 10*x**2 - 18*x - 21. Let f be r(7). Let g(s) be the first derivative of s**4/4 - s**2/2 + 11*s - 2. What is g(f)?
11
Suppose -4*u = h - 5 - 0, -2*u - 8 = 4*h. Let y(r) = 0 + 2*r**2 + 2 - 5 - u*r. Suppose 5*d + 6 = 2*d. Determine y(d).
9
Let b = -27 - -35. Let h = b - 2. Let o(a) be the third derivative of a**6/120 - a**5/12 - a**4/3 + 7*a**3/6 + a**2. Calculate o(h).
-5
Let t(v) = -2*v**3 - v + 3. Let l(j) = -3*j**3 + j**2 - 2*j + 4. Let f(c) = 3*l(c) - 4*t(c). What is f(4)?
-24
Let z(i) = -7*i**2 - 14*i - 16. Let y(l) = 15*l**2 + 29*l + 33. Let a(f) = 6*y(f) + 13*z(f). Let t(w) = 3*w**2 + 15*w - 7. Let v be t(-5). Give a(v).
-3
Let g = 90 + -88. Suppose -5*k + 10*k = g*s - 23, 0 = 2*s + 3*k + 1. Let v(h) = h**2 - 9*h + 3. Determine v(s).
-17
Let u(x) = -x**3 + 6*x**2 - 4*x - 1. Let k be u(5). Let q(t) = -1 - k*t + t + 2*t. Suppose 7*g - 4*g = 21. Calculate q(g).
-8
Let v be 11 - (0 + 3) - 1. Let w(m) = m**2 - 8*m + 7. Determine w(v).
0
Let n(m) = -4*m**2 + m - 2. Let k(c) = 3*c**2 - c + 1. Suppose 5*w + 4 = 19. Let s(i) = w*k(i) + 2*n(i). Determine s(0).
-1
Let g = 12 + -11. Suppose -v = -a + g - 0, -3 = a. Let m(s) = -2*s + 1. Calculate m(v).
9
Let j(s) = -s**3 - 5*s**2 + 8*s + 1. Suppose 5*d - 10 = 3*d. Suppose 10 = -5*c, d*i - 3*i = c + 10. Suppose -30 = t + i*t. Give j(t).
-11
Let g = -17 - -21. Let f be ((-4)/8)/(1/(-6)). Let y(a) = 0*a + 2*a - 3*a + f + 2. Determine y(g).
1
Let w(t) = 1 + 3 - t - 1. Suppose 6*y - 54 = 3*y + 3*g, -2*y - 3*g = -41. Suppose -y*f + 12 = -23*f. Determine w(f).
6
Let i(s) = 14*s - 10. Let y(n) = -17*n + 9. Let x(k) = 6*i(k) + 5*y(k). What is x(0)?
-15
Let d(g) be the third derivative of g**5/60 + g**4/8 - 2*g**3/3 - 71*g**2. Determine d(2).
6
Let t(k) be the second derivative of -k**3/6 + 5*k**2/2 - 4*k - 4. Give t(9).
-4
Let v = -530 - -533. Let q(i) = -3*i - 1. What is q(v)?
-10
Let b(p) = 3*p**2 - 7107*p**3 - 1 + 7122*p**3 - p**2. What is b(-1)?
-14
Suppose -14 = 3*u + 5*o + 32, 30 = -5*u + o. Let g(w) = -7*w**2 - 7*w + 4. Let k(z) = 3*z**2 + z + 1. Let r(h) = -g(h) - 2*k(h). Give r(u).
8
Suppose w - 5*d + 17 = 0, 4*w = w - 3*d + 39. Suppose 0*f - 8*f - w = 0. Let u(a) = 5*a**2 - a - 1. Determine u(f).
5
Let t(o) = -o**3 - 8*o**2 - 7*o. Suppose -k = a + 59, 7*k + a = 2*k - 279. Let v = 48 + k. Calculate t(v).
0
Let b(j) = j**2 + 18*j - 42. Let p be b(-20). Let v(n) = -8*n + 2. Give v(p).
18
Let b(y) be the first derivative of y**3/6 + 3*y**2/2 + 20*y - 17. Let u(q) be the first derivative of b(q). What is u(-5)?
-2
Let w(i) be the third derivative of -i**5/120 - 7*i**4/24 - 23*i**3/6 - 17*i**2. Let f(a) be the first derivative of w(a). Give f(-6).
-1
Let q(v) = 2*v**2 + 36*v + 13. Let j be q(-19). Let c = -54 + j. Let x(y) = -y**3 - 4*y**2 - 4*y + 1. What is x(c)?
4
Let h(o) = 6*o + 8. Suppose -5*c = 4*p - 16 + 11, 2*c - 2*p + 16 = 0. Determine h(c).
-10
Suppose 0 = 2*u + j - 14, 4*u - 27 = -5*j + 13. Let n(k) = -k**3 + 4*k**2 + 4*k + 3. Let t be n(u). Let f(s) = s**3 + 2*s**2 + 4*s + 2. Give f(t).
-6
Let l(x) = x + 2. Let m = -4 + 10. Let b be 1/m + (-35)/(-6). Give l(b).
8
Let u(l) be the third derivative of l**5/60 - 5*l**4/24 - 4*l**3/3 - 3*l**2 + 23. Calculate u(6).
-2
Let t(x) = -x**3 + 3*x**2 + 2*x - 2. Let i(q) = q**3 + 12*q**2 - q - 9. Let f(h) = -5*h - 2. Let l be f(2). Let p be i(l). Suppose p = -o + 2*o. What is t(o)?
4
Let n(s) be the third derivative of -s**7/360 + s**6/360 + s**5/120 - 19*s**4/24 - 25*s**2. Let q(o) be the second derivative of n(o). What is q(-1)?
-8
Suppose -4*d - 5 = 7. Let t(a) = 3*a**2 + a + 4. Give t(d).
28
Let f = 168 + -177. Let m(p) = p + 5. Give m(f).
-4
Let n = -18 + 22. Let a(t) = 3*t - 6. Calculate a(n).
6
Let u(k) = -5*k**3 + 5*k**2 - 3*k - 14. Suppose -126 + 50 = 19*l. Let m(v) = 11*v**3 - 11*v**2 + 7*v + 29. Let f(h) = l*m(h) - 9*u(h). Calculate f(0).
10
Suppose 34 - 34 = 8*g. Let j(x) = x**3 + x**2 - 16. Determine j(g).
-16
Let y(z) = -3*z + 13. Suppose -15*g - 5*r = -13*g - 21, 3 = 3*r. Give y(g).
-11
Let q(u) = -5*u**2 + 3*u - 32. Let m(p) = 2*p**2 - p + 11. Let g(j) = -8*m(j) - 3*q(j). Give g(-6).
-22
Let x(i) be the third derivative of i**4/8 + 29*i**3/6 + 3*i**2 + 6*i. Determine x(-10).
-1
Let l(i) = 6*i - 3. Let w be l(1). Let z be (2/4)/((-2)/(-8)). Let g(k) = -4 - 2*k + 4*k**2 - k + z + 2*k - k**3. Determine g(w).
4
Let h(c) be the second derivative of -c**5/120 + c**4/24 + 4*c**3/3 + 10*c. Let v(q) be the second derivative of h(q). What is v(7)?
-6
Let q = 1450 + -998. Let n(p) = 3*p - 1 + 450*p**2 + 4 - q*p**2. Give n(3).
-6
Let c(d) = -5*d**2 + 5 + 10*d**2 - 6*d**2. Suppose 103*l - 18 = 109*l. Give c(l).
-4
Let a(n) be the second derivative of n**4/12 - n**3/2 - 15*n**2/2 - 4*n. Let r be a(6). Let w(y) = -5*y + 0*y + 4*y**2 + y - r*y**2 + 4. Calculate w(5).
9
Let w(n) = -n**2 - 6*n + 1. Let p(c) be the second derivative of -c**5/20 - 5*c**4/6 - c**3 + 10*c**2 - 15*c. Let m be p(-9). Determine w(m).
-6
Suppose -5*q + 2*w + 38 = 7, 3*q + w = 23. Let g(u) = -19*u + 2. Let c(m) = 28*m - 3. Let t(v) = q*g(v) + 5*c(v). Give t(-2).
-15
Suppose x = -1 + 4. Suppose 0 = -2*c + 3*i + 15, 2*c - 4*c - x*i = 15. Let p(h) = 4*h**2 + 2 + 4 - 3*h**2. What is p(c)?
6
Let w(f) = -5*f**3 - 26*f**2 - 9*f - 15. Let v(n) = -n**3 - 5*n**2 - 2*n - 3. Let h be (99/(-27))/(2/6). Let g(z) = h*v(z) + 2*w(z). What is g(-3)?
-9
Let r(f) = f. Let d(u) = -6*u - 10. Let c(q) = -d(q) - 5*r(q). Calculate c(-8).
2
Let i be (-65)/5 - -6 - 1. Let a(r) = -r**2 - 7*r. Calculate a(i).
-8
Let a(j) = -23*j**3 + 11*j**2 - j - 2. Let i(n) = -4*n**3 + n**2 - n. Let g(s) = -a(s) + 6*i(s). Let r be (-5)/((-10)/8)*-1. Calculate g(r).
6
Let k(d) = -7*d**2 + 4. Let y(c) = -c**2 + 1. Let a(x) = -k(x) + 6*y(x). Let q be a(0). Let p(z) = q*z - 2*z + 4*z - 1. Calculate p(-2).
-9
Let y(t) = 2*t - 10. Let n be y(8). Let d(z) = z**3 - 7*z**2 + 8*z + 3. Calculate d(n).
15
Let n(z) = -z - 6. Let s be (-1 - 1 - -1)*1. Let r = -4 + s. Determine n(r).
-1
Let m(k) be the first derivative of -k**4/2 - 2*k**3/3 - 2*k**2 - 5*k + 520. Determine m(-2).
11
Let m(s) be the third derivative of 23*s**5/60 - s**4/6 + s**3/2 + 141*s**2. Give m(1).
22
Let k = -425 - -402. Let p(j) = -j**3 - 24*j**2 - 24*j - 20. Calculate p(k).
3
Let v(u) = 19*u + 32. Let o(f) = -28*f - 45. Let z(c) = -5*o(c) - 7*v(c). Let m(x) = x**3 - 9*x**2 + 7*x + 10. Let g be m(8). Calculate z(g).
15
Let n(f) = 23*f**3 - 24*f**2 + 24*f - 3. Let v(h) = -32*h**3 + 36*h**2 - 36*h + 4. Let r(m) = 7*n(m) + 5*v(m). Calculate r(-13).
-14
Let o(c) = -13*c. Let n = 351 + -350. Give o(n).
-13
Suppose -7 = -7*b + 14. Let g(t) = t**2 + 7*t - 3. Let c(w) = 2*w**2 + 6*w - 3. Let h(s) = b*g(s) - 2*c(s). Determine h(8).
5
Suppose 5*v + 5 = 25. Let m be (0 + -1)/((v/4)/6). Let t(s) = s**3 + 5*s**2 - 6*s - 7. What is t(m)?
-7
Suppose -6*c - 143 = 277. Let f = 75 + c. Let q(j) = j**2 - 7*j - 2. Give q(f).
-12
Let w(u) = -2 + u**2 + 4*u**2 + 0*u**2 + 3*u. Let v(m) = -5*m**2 - 4*m + 3. Let d(f) = 3*v(f) + 4*w(f). Calculate d(1).
6
Let k(c) = -c**3 - 18*c**2 - 44*c + 9. Let y be k(-15). Let s(u) be the third derivative of u**5/60 + u**4/4 + 5*u**3/6 - 2*u**2. Give s(y).
5
Let s(n) = -2*n + 